)/3.
2, 3
Let b be (-6)/(-5)*(-30)/(-4). Suppose -2*j + b = -75. What are the prime factors of j?
2, 3, 7
Let d(s) = s**3 - 27*s**2 - 56*s + 4. List the prime factors of d(29).
2, 31
Let n(v) = -v**3 - 10*v**2 - 17*v + 2. What are the prime factors of n(-8)?
2, 5
Let d = -2 - -18. Suppose -7*q + 3*q - 2*a + d = 0, -q - 5*a - 5 = 0. Suppose -i - k + 7 = 0, -4 = -2*i - 5*k - q. List the prime factors of i.
2, 3
Let m(g) = 3*g**2 + g - 2. List the prime factors of m(-3).
2, 11
Let n be (-27)/(-12) - (-1)/(-4). Suppose 0 = y, 5*o - 5*y + n + 3 = 0. List the prime factors of (o - 0)/(2/(-14)).
7
Let y be 12/9*(-18)/(-4). Suppose -y*n + 144 = -2*n. Suppose 4*h = -4*k + n, 0 = -h - 4 + 1. List the prime factors of k.
2, 3
Suppose 0 = -2*m - 4*b + 48, 2*m + 4*b = b + 49. List the prime factors of m*(-2 + (-5)/(-2)).
13
Let d be (-7)/(-3) - (-4)/(-12). Suppose 5*c = d*j + 22, -3*j - 2*j = -c + 9. What are the prime factors of (22/(-4))/(j/2)?
11
Let i(b) = b**3 + b**2 + 47. What are the prime factors of i(0)?
47
Let w be 2*2/4*6. Let y = 29 + -21. Let f = y - w. What are the prime factors of f?
2
Suppose -2*i - s = -7*i + 20, -5*s = -5*i. Let m be 0/(i - (2 + 0)). Suppose -3*u + 8*u - 3*y - 66 = 0, 2*u + y - 22 = m. List the prime factors of u.
2, 3
Let q(y) = -2*y - 2. List the prime factors of q(-9).
2
Let g = -13 - -13. Suppose -2*m + 12 + 0 = g. List the prime factors of m.
2, 3
Suppose -2*s - 2*s + 32 = 0. Suppose s = 5*u - 7. List the prime factors of u.
3
Let i = -43 - -74. Let k(l) = -2*l**2 - 4*l + 4. Let b be k(-4). Let h = i + b. List the prime factors of h.
19
Suppose -3*r + 50 = 5. Suppose -4*o + 2*x + 81 = -r, 4*x - 28 = -2*o. What are the prime factors of o?
2, 11
Suppose 88 = 6*p + 34. List the prime factors of p.
3
Let x be (2 - 2)*(-1)/2. Suppose 5*t + 76 = 5*w - 4, -w - 3*t + 12 = x. What are the prime factors of w?
3, 5
Suppose 4*b - 4*p + 72 = 8*b, 3*b = -5*p + 58. Let q be (-3)/(-2)*b/3. Let t(s) = s**2 - 6*s - 1. What are the prime factors of t(q)?
3, 5
Let t be 82/2 - (2 - 0). Let o = t + -22. List the prime factors of o.
17
Let u = 42 - 16. What are the prime factors of u?
2, 13
Suppose 0*r + 8 = r. Let o = 4 + 14. Let z = o - r. List the prime factors of z.
2, 5
Let b(i) = -i**2 - 10*i - 9. Let s be b(-7). Let q = -7 + s. List the prime factors of q.
5
Let a(d) = 25*d**2 + 1. Suppose -3*h = -4*w + 5*w - 3, h + 5*w - 1 = 0. What are the prime factors of a(h)?
2, 13
What are the prime factors of (-3)/(-4 + 2 + 1)?
3
Let t(z) = -z**2 + 3*z + 122. List the prime factors of t(0).
2, 61
Let q = 7 - 5. Suppose 0 = -a + 3, v - q*v + 30 = -4*a. Suppose -4*t + p + v = 0, 2*t + 4*p - 2*p - 16 = 0. What are the prime factors of t?
2, 5
Suppose o - 27 = 4*o. Let n be o/(-3) - (1 + -1). Suppose 0*u + 4*d + 11 = -n*u, -2*u + 31 = -5*d. What are the prime factors of u?
3
Suppose -4*o = o - 20. Suppose 5*q + o*r = 190, 4*r + 150 = 5*q - 0. What are the prime factors of q?
2, 17
Suppose 0 = 2*s + s - 261. What are the prime factors of s/6 + 1/2?
3, 5
What are the prime factors of (-3)/15 + 21/5?
2
Suppose 5*w - 2*l - 127 = 0, -l - 104 = -w - 3*w. List the prime factors of w.
3
Let m(x) be the second derivative of x**5/20 - x**4/12 + x**2/2 - 2*x. What are the prime factors of m(2)?
5
Let m(g) = g**3 - 5*g**2 + 4*g + 5. Let u be m(4). Suppose u*z + 45 = 5*s, z = 3*s - 3*z - 24. List the prime factors of s.
2, 3
Let y(v) = v**3 + 5*v**2 + 4*v - 1. Let j be y(-3). Suppose j*t - 60 = -0*t. What are the prime factors of t - -3*(-1)/3?
11
Let s(v) = v**2 + 2*v + 16. List the prime factors of s(-8).
2
Let l = 48 - 23. List the prime factors of l.
5
Let o = 6 + 0. Let m(c) = c**3 - 7*c**2 + 10*c - 9. What are the prime factors of m(o)?
3, 5
Suppose 0 = -8*j + 83 + 93. List the prime factors of j.
2, 11
Let a(m) = 22*m - 9. List the prime factors of a(4).
79
Suppose -y = -0*y - 2. Let o = 3 - y. Let r = o - -7. List the prime factors of r.
2
Let g be 8/(-6)*6/(-4). Suppose -3*y - g*o - 9 = -65, 0 = 5*o - 20. Let a = y + -10. List the prime factors of a.
2, 3
What are the prime factors of (13*-2)/(14/(-14))?
2, 13
Let y(o) = o**3 - 11*o**2 + 11*o + 4. Let i be -6*((-2)/3 + -1). List the prime factors of y(i).
2, 7
Suppose -6 = 2*b - 4*b. Let u = b - 2. Suppose -18 = -3*m + 4*g - 0*g, u = 5*m + 3*g. List the prime factors of m.
2
What are the prime factors of 226 + -3 + 6 + 4?
233
Let r(o) = 17*o - 12. Let y be r(6). Suppose 69 = 2*x - f, -3*x + y = f + 2*f. What are the prime factors of x?
3, 11
Let d = 9 + 4. Let j = d + 7. What are the prime factors of j?
2, 5
Let f(m) = -4*m**2 - 2*m. Let b(s) = 5*s**2 + 2*s + 1. Let j(c) = -3*b(c) - 4*f(c). Suppose 3*x - 4 = 2. What are the prime factors of j(x)?
5
Let x = 1 - 0. Let h be (-2)/(-4)*(x + 5). Suppose -3*b + k = -29, -h*b + 3*k + 28 - 1 = 0. List the prime factors of b.
2, 5
Let v be 4 - (5 + (-1 - 2)). Suppose -3*h = -4*j - 6*h + 22, h - 12 = -v*j. List the prime factors of j.
7
Let y(p) = -2*p + 1. Let q = -1 + 3. Let n be y(q). Let a = n - -14. What are the prime factors of a?
11
Let b(r) = -r**3 - r**2 - 6. Let z be b(-5). Suppose -5*d + 235 = -3*t, 2*d - 3*t = -0*d + z. What are the prime factors of d?
47
Let i = 22 + -13. Suppose -5*p + 126 = -i. List the prime factors of 2/(-9) + 114/p.
2
Let k = 91 - 2. List the prime factors of k.
89
Let t be 2/(-6) + (-183)/(-9). Let j = 27 - t. What are the prime factors of j?
7
Suppose -23 + 5 = -2*r. What are the prime factors of r?
3
Let h be (12/(-9))/((-1)/3). Suppose -h*l + 4*s + 4 = -8, -5*l + 3*s = -21. What are the prime factors of l?
2, 3
Let u be 4/2*-1 - -43. Suppose -k - 5*t = -u, -2*k + 3*t + 49 = 6. List the prime factors of k.
2, 13
Let a = 6 + -3. Suppose 0 = a*l - 5*z + 5 + 14, z = -5*l + 15. List the prime factors of l.
2
Let a(w) = w**3 + 15*w**2 + 14*w - 1. Let d be a(-14). What are the prime factors of d/2*4 - -10?
2
Let y(v) = v**3 + 4*v**2 - 4*v + 2. Let p be y(-5). Let z = p - 5. What are the prime factors of 18/z*48/(-9)?
2, 3
Let i(w) = 2*w**2 - 13*w + 12. List the prime factors of i(9).
3, 19
Let s be (-6)/(-8) + (-5)/(-4). Let y(b) = -s + 0*b - b - b. What are the prime factors of y(-5)?
2
Let p(z) = z**3 + 8*z**2 - z. List the prime factors of p(-8).
2
Suppose -93*r - 304 = -97*r. List the prime factors of r.
2, 19
Suppose 2*p = 2*k + 746, 0 = 2*p - k + 6*k - 753. List the prime factors of p.
2, 11, 17
Let q be (-6)/((30/9)/(-5)). Let m be (-12)/54 + (-16)/q. Let k = m + 6. What are the prime factors of k?
2
Suppose v + 0*v - 14 = 0. What are the prime factors of v?
2, 7
Suppose 4*n - 12 = 12. What are the prime factors of n?
2, 3
Let c(p) = p**3 + 8*p**2 + 2. Let x be c(-8). Suppose -x*o = 2*o. Suppose o*u + 15 = 3*u. List the prime factors of u.
5
Let q = 8 + 172. What are the prime factors of q?
2, 3, 5
Let m(d) be the third derivative of 1/60*d**5 + 0*d**3 + 2*d**2 + 0 - 1/24*d**4 + 0*d. What are the prime factors of m(-1)?
2
Let j = 131 - -4. What are the prime factors of j?
3, 5
Suppose -3*m = -3*d + 48, -5*m = -d - 18 + 90. List the prime factors of (m/(-3))/(4/6).
7
Let w be 138*(-2)/(-18)*3. Suppose 0 = -2*t - 6 + w. What are the prime factors of t?
2, 5
Let p = 160 - 105. Suppose -5*y + 4*y = -p. Let c = -38 + y. What are the prime factors of c?
17
Let f = 28 - -53. List the prime factors of f.
3
Let w(j) = j**3 + 9*j**2 - j. List the prime factors of w(-4).
2, 3, 7
Suppose -9*r + 10 = -10*r. Let s = 0 - r. List the prime factors of s.
2, 5
Let o = -11 - -21. Let q be 60/18*(-1 - 2). List the prime factors of (q/(-25))/(1/o).
2
Let k(g) = 204*g**2 - 3*g - 1. What are the prime factors of k(-1)?
2, 103
Let z(r) = r - 1. Let w(n) = n**2 + 4*n - 3. Let q(p) = w(p) - 6*z(p). What are the prime factors of q(4)?
11
Suppose -2*j + 0*j + p = -41, 5*j + 2*p = 116. List the prime factors of j.
2, 11
Let q = -5 + 12. Let b be 14 + -1 + 2/2. Let n = b - q. What are the prime factors of n?
7
Suppose -s + 3 = 1. Suppose -n = 3*m - 119, 0*n + s = n. Suppose -m = -4*w + 13. List the prime factors of w.
13
Let t(u) = -3*u**3 - 2*u - 1. Let p be t(-1). Let g = -5 - -10. Suppose 2*d - g*i = 26, 13 = -3*d + p*d - 4*i. List the prime factors of d.
13
Let j(h) = 2*h - 2. List the prime factors of j(7).
2, 3
Let p(s) = -3*s - 2 - 5*s + 0